, -a + 5*b = 23. Suppose 38132 = a*x - s - 27532, -5*x + 4*s = -164163. Is x composite?
False
Let z be ((-12820)/(-50))/(3/135). Suppose 3*k + 3*c - z = 0, k + 19232 = 6*k + 3*c. Is k composite?
False
Suppose -3*p + 2234094 = -h, -p + 3700*h = 3698*h - 744683. Is p a prime number?
True
Let m(n) = n**2 - 567*n + 355417. Is m(0) prime?
True
Suppose -1192920 = -4*g - t, -5*g + 50*t = 49*t - 1491141. Is g composite?
True
Is (0 - (7 + -9)) + 141581 + 3 + 1 a prime number?
True
Let h(o) = -279*o - 4361. Is h(-24) a composite number?
True
Let g = -26 + 43. Let h(r) be the first derivative of -r**4/4 + 17*r**3/3 + 5*r**2 - 21*r + 3073. Is h(g) a prime number?
True
Is (15/(-270)*-9)/((-1)/(-18586)) a prime number?
True
Let q = -657 - -802. Let g = q + 886. Is g composite?
False
Is (-3)/(-2)*138137604/198 composite?
False
Suppose 698*l - 697*l - 59188 = -i, 3*i = l - 59200. Is l a composite number?
True
Let y = 759 + -518. Suppose -2*u - 5*m = 3*u - 40, u - 3*m = -8. Suppose y = 5*c + u*h, -106 - 36 = -3*c - 5*h. Is c a composite number?
True
Let n(k) = 2*k**2 - 20*k + 357037. Is n(0) a prime number?
False
Let c be 474/(-30) + (-2)/10. Let u(s) = -s**3 - 17*s**2 - 16*s + 2. Let h be u(c). Is (h - 1)/(5/295) prime?
True
Let s be ((-20)/(-65))/((-6)/(-39)). Suppose 0 = 4*j - s*z - 61774, -7*j + z = -3*j - 61773. Is j a composite number?
False
Suppose -2834 = -x - g, 0 = x - 0*g - 3*g - 2830. Is x prime?
True
Let a = -19714 + 29851. Let y = a - 5408. Is y prime?
True
Let z(k) = 2*k**3 + 37*k**2 - 24*k - 3. Let s = -98 - -82. Is z(s) composite?
True
Suppose 45*a - 3402193 = -4521463 + 20522100. Is a composite?
True
Let o(h) = 103*h**3 - 2*h**2 + 50*h - 9. Is o(8) a composite number?
False
Let w = 121392 - 29659. Is w composite?
False
Let i = -1704 - -2983. Suppose 0 = 3*k - i - 4820. Is k a composite number?
True
Let w(q) = -6*q**2 + 6*q + 4*q**2 + q + 3*q**2. Let n be w(-6). Is 753/(-3)*(-7 - n) a composite number?
False
Let f(p) = -2*p**3 + 25*p**2 + 14*p - 6. Let b be f(13). Let a be (7/(21/(-6)))/((-2)/b). Suppose -2104 = 3*n - a*n. Is n prime?
False
Suppose 4*t - 18 = -d + 6*t, 4*d - 52 = 4*t. Suppose -d*i = -35*i + 141777. Is i a prime number?
False
Suppose 93*d - 1007471 = 3100990. Is d a composite number?
True
Suppose -a = -2*j - 2720 - 2893, 11282 = 2*a + 4*j. Let i(v) = v**2 - 2*v - 3. Let d be i(3). Suppose 7*h - 2430 - a = d. Is h a composite number?
False
Let t = 24 - 19. Suppose t*m = 7*m - 6. Is (m/(-2))/(12/(-1784)) prime?
True
Let s be 2*(-7 + 440667/9). Suppose 100*o - s = 92*o. Is o a prime number?
True
Let c be (-67)/(-3) + -7 + (-2)/6. Is -5 + c/5 + 19*37 prime?
True
Suppose 16 = 7*x - 33. Suppose x*p + 40276 = 128875. Is p prime?
False
Let h(q) = q**3 - 22*q**2 + 22*q - 23. Let i be h(22). Let z = i + -240. Is z composite?
True
Let b = 55 - 50. Is 298*3/15*b prime?
False
Let y = 254 - 229. Suppose y*c - 41334 = 41141. Is c a composite number?
False
Let i(d) = 20664*d - 385. Is i(6) a composite number?
True
Suppose r + 8 = 10. Let n(g) = 2*g - 6. Let x be n(5). Suppose -4*c + 2*s + 8216 = 0, 0 = x*c + s + r*s - 8206. Is c a composite number?
False
Let d(o) = -967*o**3 - 8*o**2 - 22*o + 13. Is d(-4) a prime number?
True
Suppose -6*a + 115 - 61 = 0. Is (6/18 - 0) + 94695/a prime?
False
Let p(n) = -n - 6. Suppose 49*k - 100 = 54*k. Let i be p(k). Is 18 - i - (0 - 2239) prime?
True
Let d = -1390473 + 2165764. Is d a prime number?
False
Suppose 0 = -o - 2*u + 3, 0*o = 4*o + 3*u - 7. Let i(v) be the first derivative of 59*v**2 - 3*v + 1. Is i(o) prime?
False
Let j be (36/(-18))/((-4)/6). Suppose -j*g - 9 + 6 = 0. Let b(k) = -162*k**3 - k**2 - k - 1. Is b(g) prime?
False
Let k = 57 + -58. Is k/(-3 - (-1)/((-1903)/(-5708))) a prime number?
False
Let x(u) = -6*u**3 + 58*u**2 - 392*u - 153. Is x(-52) composite?
True
Let s(x) = 4*x**2 + x. Let v be s(1). Suppose -4*g - 95 = -n - 4*n, v*g - 76 = -4*n. Suppose -16*k + n*k = 1023. Is k composite?
True
Suppose 0 = 3*q - 2*g - 29429, -3*q + 16996 = -5*g - 12427. Is q composite?
False
Suppose 3*i + 2*x = 240931, x = 3*i - 113434 - 127491. Is i prime?
True
Let i = 64557 + -11751. Suppose -5*v = -3*m + 8970 - i, -v = -m - 8768. Suppose v = -5*u + 14*u. Is u a composite number?
True
Let g(o) = 4*o**2 + 3*o. Let q be g(-3). Let s = 23 - q. Is ((-946)/s)/((-2)/(-4)) composite?
True
Let g(r) = -r + 19. Let v be g(20). Let m = v - -5. Suppose -m*j + 7*j = 8799. Is j a prime number?
False
Suppose -2*h - 5*x = -1234073, 17*h - 19*h - 3*x + 1234075 = 0. Is h a composite number?
False
Is -2 + (-22 - -25) + 67841 + 1 a prime number?
True
Let a = -299272 - -431693. Is a a composite number?
False
Suppose 109*m - 90*m = 2879089. Is m a composite number?
False
Let w(v) = 59*v**2 - 6*v - 7. Let f be w(5). Suppose 2*g - 4*g + f = 0. Is g prime?
True
Let x(p) = 45358*p**2 - 401*p - 801. Is x(-2) composite?
True
Let r be 20/(1 + (-6)/10). Suppose 49*p + 745 = r*p. Is p a prime number?
False
Let l(a) = a**2 - 4*a + 7. Let u be l(2). Suppose u*n + d - 4530 = -4*d, 4*n - 6040 = 3*d. Suppose 0 = -2*v - 2*h + n, -2*v + 0*h + 1518 = 4*h. Is v prime?
True
Suppose 423617 = 20089*n - 20088*n. Is n a composite number?
False
Let t = -1044160 - -1527513. Is t composite?
True
Suppose 154*b - 149*b = 3*r - 305004, 0 = -3*b - 9. Is r prime?
True
Let h = 0 + 10. Suppose y = -5*i + 792, -6*i + h*i + 783 = y. Is y a composite number?
False
Suppose 3*s = -100890 + 377367. Is s composite?
True
Suppose -102*l + 1161284 = 132614. Is l composite?
True
Let f(y) = -56*y - 11. Let p(w) = -w - 8. Let x be p(-11). Suppose 4*n + 17 = 5*j, x*n = -j - j - 7. Is f(n) composite?
False
Let l be (-46146)/(-9) - (-4 - 14/(-6)). Suppose 149*o - 148*o = l. Is o a prime number?
False
Let g = 757 - 242. Let i = -234 + g. Let d = -136 + i. Is d a prime number?
False
Suppose -133*o = -151*o + 4907718. Is o prime?
True
Suppose 35*u - 1017334 = -143629 + 605990. Is u a prime number?
False
Let j(w) be the second derivative of -1439*w**3/3 + w**2/2 + 11*w. Is j(-1) prime?
True
Suppose -13 = 14*r - 13. Suppose 8*s - 12*s - 3*f = -9301, r = 5*s - f - 11612. Is s a prime number?
False
Let k(g) = 4779*g - 863. Is k(10) composite?
True
Suppose 4*z = -w + 6028, 5*w - 4*z + z - 30163 = 0. Let x = w + 4017. Is x prime?
False
Is -9 - -11 - -9*(-3)/3*-3187 composite?
True
Suppose 2*h - 11 + 5 = 0. Let n be (8/1)/(-4) + -2434 + h. Let a = -1690 - n. Is a prime?
True
Let k(z) = -806*z**2 - 8*z - 45. Let d(r) = 805*r**2 + 5*r + 47. Let l(o) = 3*d(o) + 2*k(o). Is l(4) prime?
False
Suppose -12*z - 215044 = -4934248. Suppose -44*g + z = 90415. Is g a prime number?
True
Let f = -36815 - -54667. Suppose y + f = 5*y. Is y a prime number?
True
Suppose -41*f + 4*h = -46*f + 24759, 2*f = 4*h + 9926. Is f composite?
True
Let d = -298 - 1151. Let f = -640 - d. Is f composite?
False
Let p(y) = 29*y**2 + 60*y + 33. Let t(r) be the first derivative of -10*r**3/3 - 10*r**2 - 11*r + 8. Let b(i) = 3*p(i) + 8*t(i). Is b(-8) composite?
True
Let v be (-492614)/(-16) + 3/(-8). Let q = v - 18925. Is q prime?
True
Let p = -237 + 232. Let y(h) = -2*h**3 + 11*h**2 + h + 7. Is y(p) a composite number?
True
Suppose -98*c - 7542252 + 36532514 = 0. Is c a composite number?
False
Suppose 4*u + 20 = -3*b, 3*u = -3*b - 0*b - 18. Let t(x) = 4*x**2 + 15*x - 6. Let p be t(-4). Is (0 - (-709)/p)/(1/u) a prime number?
True
Suppose 17*y = 5*k + 20*y - 84857, -4*k = y - 67880. Is k composite?
True
Let a be (-2)/4*(-73 + (0 - -3)). Suppose 3*g + 26 = a. Suppose -m - 1093 = -j, -4*m + 3299 = g*j - 2*m. Is j composite?
False
Let d = -112862 + 190791. Is d prime?
True
Is ((-692)/(-16)*2)/(4/2696) composite?
True
Let a(q) = -168*q - 42. Let j(o) = 167*o + 42. Let l(z) = -4*a(z) - 5*j(z). Let c = -12631 + 12620. Is l(c) a prime number?
False
Let o(n) = 285*n**3 + 155*n**2 - 17*n - 29. Is o(9) prime?
False
Suppose -5*k = 3*d - 310897, 211932 + 98933 = 5*k - 5*d. Is k composite?
True
Let v(p) be the second derivative of 461*p**6/60 + p**4/12 - p**3/6 + p**2/2 + 13*p. Let i(q) be the first derivative of v(q). Is i(1) a prime number?
False
Suppose 22648 = 3*u + 5*v, 5*u - 2*v - 30232 = u. Is (-2)/(-10) + u/20 + 1 prime?
True
Suppose 2*b = 2*x - 338666, -6*x - 3*b + 567520 = -448532. Is x a composite number?
False
Let u(r) =